the tens digit of p?
3
Let f(t) = -t**3 - 44*t**2 + 32*t + 94. What is the units digit of f(-46)?
4
Suppose 0 = -2*x + x + 19. Suppose -4*k - 2 = 2*h, 4*h + x - 43 = -k. What is the tens digit of h/28 + 518/8?
6
Let d(p) = 3*p**2 + 71*p - 13. What is the tens digit of d(-26)?
6
Let h(y) = y**3 - 5*y**2 + 3*y + 4. Let x be h(4). Suppose 5*t - 260 = -5*v, -4*v + x*t + 199 = -5*t. What is the units digit of v?
1
Suppose 694 = 4*m - 2*u - 538, 4*u - 913 = -3*m. What is the units digit of m?
7
Suppose 423 = 5*s + 128. Let w be s + -2 + (-1 - -4). Suppose b - w = -2*b. What is the tens digit of b?
2
Let x(u) = -5*u**3 - 2 - 7*u - 4*u**2 - 5 + 3*u**3 + u**3. What is the tens digit of x(-5)?
5
Let f(v) = -6 + 15*v**2 - 2*v**2 + 29*v - 6*v**3 - 10*v. Let b(o) = 7*o**3 - 14*o**2 - 20*o + 5. Let m(z) = 5*b(z) + 6*f(z). What is the units digit of m(9)?
4
Suppose 0 = -3*q + 8*q - 1590. Suppose 0 = -r + 5*b + 72, 2*b = 4*r - 3*b - q. What is the units digit of r?
2
Let p = 1118 - 605. What is the units digit of p?
3
Let w = -150 + 232. What is the tens digit of w?
8
Let q(k) = -2 - 4*k**2 + 0 - 3 - k**3. What is the tens digit of q(-5)?
2
Let m(h) = 195*h + 88. What is the units digit of m(3)?
3
Suppose -3*t + 10 = -5*b, -2*t + 13 = 2*b + b. Let j be (-12 - 2) + (3 - b). Let u = 35 + j. What is the units digit of u?
3
Suppose 0 = 2*y + 2*y. Suppose 5*g = t + 21, 4*t - 16 = -5*g - y*t. What is the units digit of g + (2 - 3/1)?
3
Let g(p) = -3*p**3 + 10*p**2 - 3*p + 2. Let v be g(3). Suppose m - 1 = -3*w - 3*m, -m + 4 = v*w. What is the units digit of w?
3
Let r(a) = 502*a**2 - 12*a - 34. What is the tens digit of r(-2)?
9
Suppose 12921 = 41*j - 36033. What is the units digit of j?
4
Let a(s) = -111*s - 16. What is the units digit of a(-7)?
1
Let m = 185 + -112. Let b = 35 + m. Suppose 0*c = -3*c + b. What is the tens digit of c?
3
Let x = 17 - 30. Let g = x + 31. What is the units digit of -4 - -5 - (2 - g)?
7
Suppose -2*g + 40 = -0. Suppose 3 = o - 2*s, -o - 27 = -3*s - 31. What is the units digit of 20*(g/8)/o?
0
Let u = -17 - -69. Suppose 102 = u*w - 50*w. What is the tens digit of w?
5
Suppose 4*r = 5*h - 2364, h - 4*r - 458 = 18. What is the hundreds digit of h?
4
Suppose 0 = -3*w - 2*q + 8, -13 + 1 = -2*w - 3*q. Suppose -5*u + z + 415 = w, -4*z + 23 = 3. What is the units digit of u?
4
Suppose 0 = -5*y + 10, 5*w + 8*y = 5*y + 16. What is the tens digit of ((-8)/(-6)*16)/(w/3)?
3
Let r(c) be the second derivative of c**4/12 + 13*c**3/6 + c**2/2 + 6*c. What is the units digit of r(-13)?
1
Let x(z) be the second derivative of z**5/10 - 5*z**4/12 + z**3/3 + z**2 + 51*z. What is the units digit of x(5)?
7
Suppose 0 = -5*y + 26 - 11. Suppose y*t = 4*t - 2. Suppose -5*z + 230 = 5*u, -2*u - t*z = 2*u - 188. What is the tens digit of u?
4
Suppose -4*v - 124 = -0*v. Let g = 86 + v. What is the units digit of g?
5
What is the units digit of (2 - (-3 + -985))*4/10?
6
Let o(m) = m - 6. Let g be o(6). Suppose -129 = -5*v + 4*y, g*y = -v + 4*y + 29. Suppose 6*k = k + v. What is the units digit of k?
5
Suppose 74*k + 105 = 81*k. What is the tens digit of k?
1
Let o(n) = 26*n + 5. Let h = -43 - -46. What is the units digit of o(h)?
3
Suppose -3*h + 3*k = -4242, 6*k = -3*h + 5*k + 4246. What is the units digit of h?
5
What is the tens digit of (21/2 + -7)*(-98)/(-1)?
4
Let m(y) = 87*y - 178. What is the hundreds digit of m(14)?
0
Let z be 0/(-4 + 1/1). What is the tens digit of z - (0 + -47 - 1)?
4
Suppose -14*a = -a - 11544. What is the hundreds digit of a?
8
What is the units digit of 1570 - 12/(-3) - -3?
7
Let v(b) = 17*b + 4. Suppose -q + 2*q + 3*x + 3 = 0, -5*x - 7 = q. Let t be v(q). What is the units digit of t + (-5)/((-20)/(-12))?
2
Let f(a) be the third derivative of a**5/60 + 5*a**4/12 - 7*a**3/3 - 34*a**2. Suppose 0 = -2*c - 31 + 5. What is the tens digit of f(c)?
2
Let y be ((-4)/3)/(1/(-3)). Let u(h) = 57*h + 45. What is the tens digit of u(y)?
7
Let n(g) = -2*g**3 - 3*g - 9. Let q be n(-3). Suppose -q - 36 = a. What is the units digit of (-4)/(-18) + (-340)/a?
4
Let v(z) = 14*z + 15. Let x be v(-5). What is the tens digit of 32*(1 - x/20)?
2
Suppose 0 = -m - a + 729 + 515, -3*m - 5*a = -3734. What is the thousands digit of m?
1
Let b(x) = 101*x + 80. What is the units digit of b(9)?
9
Let z(y) = y**3 + 2*y**2 - 3*y + 2. Let s be z(2). Suppose n + 5*u + 3 = 0, -4*n - 3*u = -5*u + s. Let t = 20 - n. What is the units digit of t?
3
Suppose -3*p - 1 + 7 = 0. Suppose -p*h = 2*f - 24, 0*f = 5*f - 5*h - 10. What is the units digit of f?
7
Suppose -4106 = -18*j + 43630. What is the thousands digit of j?
2
Let w(h) = h**2 + 11*h - 30. Let c be 292/(-18) + 24/108. What is the units digit of w(c)?
0
Suppose 2*i + 3*i - 9855 = 5*s, 0 = 4*i + 2*s - 7854. What is the units digit of i?
6
Suppose 61 = 7*c - 2256. Let r = c - 190. What is the hundreds digit of r?
1
Let z(b) = 3*b - 6. Let o be z(2). Suppose o*y - y = -11. Suppose 7*q + 104 = y*q. What is the units digit of q?
6
Suppose 4 = -4*z + 2*z - 2*q, 3*z - 10 = q. Suppose 7*d + 25 = z*d. What is the units digit of (0 - 2 - d)*2?
6
Let f be 16*111*(-1)/(-6). Suppose 4*b = 156 + f. What is the hundreds digit of b?
1
Let s(l) = 15*l**3 - l**2. Let n be s(-1). Let a = n - -92. What is the tens digit of a?
7
Let b(p) = -78*p**3 - 6*p**2 + 4*p. What is the hundreds digit of b(-2)?
5
Suppose -4*u + 7 = h - 9, 0 = 2*u + 3*h - 8. What is the units digit of (69/u - 0)/((-18)/(-96))?
2
What is the units digit of (-3 - 28)/((45/261)/(-5))?
9
Let r be 1/3*-560 - (-10)/15. Let m = 352 + r. What is the units digit of m?
6
Suppose -225 = -5*h - 4*c + 285, 408 = 4*h + 2*c. What is the tens digit of h?
0
Suppose 5*w + 2*h - 195 = 0, w + 4*h - 5 = 34. What is the units digit of w?
9
Let b(a) = 4*a - 18. Let k be b(5). What is the units digit of k*(1 - (-1)/(-2)) - -71?
2
Suppose 46*h = 50*h - 1316. What is the hundreds digit of h?
3
Suppose 11728 = -0*m + 8*m. What is the hundreds digit of m?
4
Let a(f) = f**3 - 6*f**2 + 4. Let r be a(6). Suppose q + 3*c = -4*q + 89, -5*q + r*c + 103 = 0. What is the units digit of q?
9
Let v(k) = 4*k**2 + 5*k + 7. Suppose -3*x - 89 = -5*n, 0 = -0*n - n + x + 17. Let g = 16 - n. What is the tens digit of v(g)?
2
Let h(g) be the first derivative of g**4/4 - 4*g**3 + 10*g**2 - 5*g - 25. What is the tens digit of h(11)?
9
Let c(o) = 3*o**2 - 6*o + 7. Suppose 0 = 2*k - 2*l - 32, -5*k + 56 = -2*k - l. Let z = k - 16. What is the units digit of c(z)?
1
Let x = -106 - -14. Let n = 181 + x. What is the units digit of n?
9
Let k = -1111 - -1706. What is the hundreds digit of k?
5
Let l = 1155 - 605. What is the hundreds digit of l?
5
Suppose 0 = n + 3*n + w, -n = 3*w. Suppose -3*h + 3 + 3 = n. Suppose 0 = 3*r - 5*j - 21, -h = -r + 2*j + 4. What is the tens digit of r?
1
Let w(l) = 2*l**2 - 6*l + 295. What is the units digit of w(-21)?
3
Let a(y) = -y**2 + 10*y - 19. Let t be a(7). Let o = 24 + 8. Suppose t - o = -2*z. What is the tens digit of z?
1
Let x = -129 - -248. Let b = 190 - x. What is the tens digit of b?
7
Let v(r) = 3*r**3 - r. Let h be v(1). Suppose h*i + 4*p - 16 = -2*i, -5*i + p = 4. Suppose -q + 44 + 3 = i. What is the tens digit of q?
4
Suppose 0 = -3*t - m - 3*m + 22, -5*t = -m - 6. Suppose -t*q + 38 = -128. What is the units digit of q?
3
Let x be 128 + (0*(-4)/8 - -2). Suppose -t + x = 4*t. What is the units digit of t?
6
Let l(i) = 132*i + 5. What is the units digit of l(1)?
7
Suppose 0 = -10*d + 5*d - 3*h + 37, -4*h + 41 = 5*d. Suppose -312 = -3*g + d*z, 4*g - 3*z + 144 = 549. What is the tens digit of g?
9
Let v be 2/4*86*1. Suppose -g - 5*t = -3*g - 19, 3*t + 103 = -4*g. Let j = g + v. What is the units digit of j?
1
What is the units digit of (22134/35)/(2/20*3)?
8
Let v = 471 + -110. Suppose -5*u - 5*f + 395 = 0, 0 = 4*u + 5*f - v + 40. Suppose -5*h - 9 = -2*w - 194, -2*h + u = -5*w. What is the units digit of h?
7
What is the hundreds digit of ((-36)/(-20) + 3)*(-1395)/(-18)?
3
Let s = -4 - 2. Let u(d) = -d**3 - 7*d**2 - 2*d + 6. Let m be u(s). Let y = m + 26. What is the units digit of y?
8
What is the hundreds digit of 9/(54/12) - -1130?
1
Let o = 1200 + 1846. What is the units digit of o?
6
Let z(f) = -f - 2. Suppose 10 = 5*c - 15. Suppose 0 = -c*i + 3*m - 26, -3*i - m = -0*m